, 3, 7, 16693
List the prime factors of 134989.
134989
What are the prime factors of 98889?
3, 7, 17, 277
List the prime factors of 213164.
2, 7, 23, 331
What are the prime factors of 1066800?
2, 3, 5, 7, 127
What are the prime factors of 9951785?
5, 29, 68633
What are the prime factors of 7837732?
2, 7, 279919
What are the prime factors of 6950171?
83, 83737
What are the prime factors of 101009?
101009
List the prime factors of 8084605.
5, 17, 227, 419
What are the prime factors of 6066291?
3, 7, 11, 26261
List the prime factors of 2479638.
2, 3, 7, 43, 1373
What are the prime factors of 773697?
3, 23, 11213
List the prime factors of 4420147.
53, 83399
List the prime factors of 50857.
50857
What are the prime factors of 8231559?
3, 7, 55997
What are the prime factors of 474300?
2, 3, 5, 17, 31
List the prime factors of 2628729.
3, 292081
List the prime factors of 18669216.
2, 3, 194471
List the prime factors of 368080.
2, 5, 43, 107
List the prime factors of 57946.
2, 7, 4139
List the prime factors of 380437.
19, 20023
List the prime factors of 6505879.
1303, 4993
List the prime factors of 344149.
13, 23, 1151
List the prime factors of 387081.
3, 41, 1049
List the prime factors of 374119.
17, 59, 373
List the prime factors of 13160140.
2, 5, 7, 23, 61, 67
List the prime factors of 33217.
59, 563
What are the prime factors of 9386836?
2, 19, 29, 4259
List the prime factors of 14368337.
14368337
What are the prime factors of 821752?
2, 59, 1741
What are the prime factors of 312868?
2, 17, 43, 107
List the prime factors of 3180470.
2, 5, 557, 571
List the prime factors of 7529466.
2, 3, 7, 31, 5783
List the prime factors of 19154850.
2, 3, 5, 11, 13, 19, 47
What are the prime factors of 383653?
37, 10369
What are the prime factors of 537925?
5, 21517
What are the prime factors of 308303?
308303
List the prime factors of 74994.
2, 3, 29, 431
What are the prime factors of 259269?
3, 86423
What are the prime factors of 571563?
3, 21169
List the prime factors of 329029.
151, 2179
What are the prime factors of 1633694?
2, 816847
List the prime factors of 346107.
3, 43, 2683
What are the prime factors of 446862?
2, 3, 13, 17, 337
What are the prime factors of 5066085?
3, 5, 17, 19867
List the prime factors of 297602.
2, 17, 8753
List the prime factors of 663799.
17, 39047
List the prime factors of 410836.
2, 271, 379
What are the prime factors of 238186?
2, 13, 9161
List the prime factors of 14865103.
11, 1351373
What are the prime factors of 762522?
2, 3, 167, 761
List the prime factors of 8707757.
17, 19, 26959
List the prime factors of 556591.
7, 37, 307
List the prime factors of 196822.
2, 98411
What are the prime factors of 348393?
3, 116131
What are the prime factors of 834857?
834857
What are the prime factors of 8580986?
2, 31, 138403
What are the prime factors of 694982?
2, 19, 18289
List the prime factors of 11927077.
71, 167987
What are the prime factors of 30242?
2, 15121
What are the prime factors of 34202322?
2, 3, 7, 11, 24677
What are the prime factors of 62685?
3, 5, 7, 199
List the prime factors of 3507979.
197, 17807
What are the prime factors of 313927?
23, 13649
What are the prime factors of 7717238?
2, 37, 104287
What are the prime factors of 1479018?
2, 3, 53, 4651
List the prime factors of 1704905.
5, 229, 1489
List the prime factors of 710715.
3, 5, 47381
List the prime factors of 4737104.
2, 107, 2767
List the prime factors of 194715.
3, 5, 4327
What are the prime factors of 146176?
2, 571
What are the prime factors of 1334296?
2, 17, 9811
What are the prime factors of 2469125?
5, 19753
What are the prime factors of 57160?
2, 5, 1429
What are the prime factors of 243667?
139, 1753
What are the prime factors of 2489832?
2, 3, 11527
List the prime factors of 2933617.
1553, 1889
What are the prime factors of 141417?
3, 19, 827
List the prime factors of 1199734.
2, 397, 1511
List the prime factors of 4410193.
4410193
List the prime factors of 907579.
17, 197, 271
What are the prime factors of 405397?
53, 7649
What are the prime factors of 765604?
2, 7, 37, 739
What are the prime factors of 3239593?
7, 31, 14929
List the prime factors of 38931.
3, 19, 683
List the prime factors of 11244238.
2, 19, 295901
List the prime factors of 264438.
2, 3, 59, 83
List the prime factors of 51643.
43, 1201
List the prime factors of 5751324.
2, 3, 61, 97
What are the prime factors of 95065?
5, 19013
What are the prime factors of 348053?
348053
What are the prime factors of 155976?
2, 3, 67, 97
List the prime factors of 9405600.
2, 3, 5, 3919
What are the prime factors of 34920232?
2, 4365029
What are the prime factors of 132696?
2, 3, 19, 97
List the prime factors of 256478.
2, 128239
List the prime factors of 172713.
3, 57571
List the prime factors of 18081091.
7, 31, 97, 859
What are the prime factors of 247014?
2, 3, 13723
List the prime factors of 261143.
113, 2311
What are the prime factors of 2614176?
2, 3, 29, 313
List the prime factors of 559658.
2, 11, 25439
What are the prime factors of 198819?
3, 22091
List the prime factors of 174525.
3, 5, 13, 179
What are the prime factors of 219618?
2, 3, 7, 83
List the prime factors of 2570183.
7, 11, 29, 1151
List the prime factors of 1559622.
2, 3, 259937
What are the prime factors of 40000486?
2, 20000243
List the prime factors of 8701259.
7, 19, 65423
What are the prime factors of 158433?
3, 11, 4801
What are the prime factors of 11374422?
2, 3, 73, 25969
What are the prime factors of 94990?
2, 5, 7, 23, 59
List the prime factors of 80678.
2, 13, 29, 107
List the prime factors of 232382.
2, 116191
What are the prime factors of 128338?
2, 7, 89, 103
What are the prime factors of 10038813?
3, 383, 8737
List the prime factors of 4486654.
2, 199, 11273
List the prime factors of 771160.
2, 5, 13, 1483
What are the prime factors of 9085572?
2, 3, 19, 37, 359
What are the prime factors of 10226827?
13, 53, 14843
List the prime factors of 1246569.
3, 415523
What are the prime factors of 3190000?
2, 5, 11, 29
List the prime factors of 1595438.
2, 13, 61363
List the prime factors of 1374331.
7, 17, 11549
List the prime factors of 16280903.
16280903
What are the prime factors of 354553?
354553
What are the prime factors of 265576?
2, 89, 373
What are the prime factors of 173479?
283, 613
List the prime factors of 908467.
7, 233, 557
List the prime factors of 19810491.
3, 17, 71, 5471
List the prime factors of 123392.
2, 241
List the prime factors of 295473.
3, 98491
What are the prime factors of 293923?
7, 199, 211
What are the prime factors of 24169341?
3, 7, 1150921
What are the prime factors of 1006595?
5, 23, 8753
What are the prime factors of 6476695?
5, 1295339
What are the prime factors of 249894?
2, 3, 13883
List the prime factors of 1067490.
2, 3, 5, 29, 409
List the prime factors of 2302526.
2, 239, 4817
What are the prime factors of 13667766?
2, 3, 7, 46489
What are the prime factors of 1293711?
3, 431237
List the prime factors of 106319.
106319
What are the prime factors of 937411?
23, 53, 769
List the prime factors of 614690.
2, 5, 61469
List the prime factors of 102115.
5, 13, 1571
What are the prime factors of 1297264?
2, 89, 911
List the prime factors of 206660.
2, 5, 10333
What are the prime factors of 1737217?
509, 3413
What are the prime factors of 5243325?
3, 5, 69911
What are the prime factors of 24973?
13, 17, 113
List the prime factors of 728280.
2, 3, 5, 7, 17
List the prime factors of 152418.
2, 3, 7, 19, 191
What are the prime factors of 3540484?
2, 197, 4493
What are the prime factors of 279435?
3, 5, 13, 1433
What are the prime factors of 5402827?
227, 23801
List the prime factors of 718729.
11, 223, 293
What are the prime factors of 29080419?
3, 9693473
List the prime factors of 243269.
13, 18713
What are the prime factors of 132647?
132647
List the prime factors of 333015.
3, 5, 149
List the prime factors of 292514.
2, 23, 6359
List the prime factors of 14145130.
2, 5, 1414513
What are the prime factors of 2093645?
5, 37, 11317
List the prime factors of 5561150.
2, 5, 7, 15889
List the prime factors of 193901.
71, 2731
List the prime factors of 7956478.
2, 19, 209381
What are the prime factors of 49881?
3, 13, 1279
List the prime factors of 25914672.
2, 3, 7, 47, 547
Li